igit of 1032156850?
2
What is the hundreds digit of 1557393478?
4
What is the hundred thousands digit of 990782220?
7
What is the units digit of 1791938005?
5
What is the thousands digit of 1751539762?
9
What is the ten thousands digit of 542972004?
7
What is the millions digit of 387392304?
7
What is the tens digit of 7332090350?
5
What is the tens digit of 63551305?
0
What is the thousands digit of 707804332?
4
What is the hundreds digit of 123030823?
8
What is the ten thousands digit of 10780328?
8
What is the ten thousands digit of 60377272?
7
What is the hundred millions digit of 566478137?
5
What is the tens digit of 67744293?
9
What is the units digit of 18002052?
2
What is the hundred thousands digit of 96000471?
0
What is the hundreds digit of 137222741?
7
What is the hundred thousands digit of 541269271?
2
What is the hundreds digit of 221779954?
9
What is the ten millions digit of 577336283?
7
What is the tens digit of 2743449715?
1
What is the ten millions digit of 154365098?
5
What is the hundreds digit of 492021482?
4
What is the units digit of 124841025?
5
What is the thousands digit of 61474552?
4
What is the thousands digit of 487668946?
8
What is the hundred thousands digit of 78786280?
7
What is the hundreds digit of 271597200?
2
What is the thousands digit of 26400061?
0
What is the units digit of 2480919686?
6
What is the hundred millions digit of 177472971?
1
What is the hundreds digit of 259855652?
6
What is the billions digit of 1424347808?
1
What is the units digit of 192498962?
2
What is the tens digit of 598636196?
9
What is the hundreds digit of 162559091?
0
What is the units digit of 516034750?
0
What is the thousands digit of 68298388?
8
What is the hundred thousands digit of 66918849?
9
What is the millions digit of 39856251?
9
What is the ten thousands digit of 2446424160?
2
What is the billions digit of 2146746225?
2
What is the millions digit of 292597970?
2
What is the hundreds digit of 72692964?
9
What is the units digit of 621331483?
3
What is the hundred thousands digit of 40561888?
5
What is the billions digit of 1391013572?
1
What is the millions digit of 459679442?
9
What is the ten millions digit of 7242772982?
4
What is the hundred thousands digit of 550751564?
7
What is the ten thousands digit of 112004170?
0
What is the millions digit of 534288319?
4
What is the tens digit of 839334750?
5
What is the ten thousands digit of 1535366?
3
What is the tens digit of 73195975?
7
What is the millions digit of 2348962716?
8
What is the ten millions digit of 44920180?
4
What is the hundreds digit of 40671051?
0
What is the tens digit of 194429915?
1
What is the millions digit of 24389608?
4
What is the ten thousands digit of 146308030?
0
What is the millions digit of 88822190?
8
What is the hundred thousands digit of 555818123?
8
What is the hundreds digit of 4236906493?
4
What is the hundred thousands digit of 2513654215?
6
What is the hundreds digit of 40022788?
7
What is the hundred thousands digit of 64389850?
3
What is the hundreds digit of 23741331?
3
What is the ten millions digit of 68875722?
6
What is the hundreds digit of 147062532?
5
What is the ten millions digit of 80312473?
8
What is the hundreds digit of 528437002?
0
What is the hundreds digit of 98656505?
5
What is the tens digit of 57599224?
2
What is the units digit of 600352716?
6
What is the ten thousands digit of 62517748?
1
What is the tens digit of 981065707?
0
What is the ten thousands digit of 4819931602?
3
What is the thousands digit of 88971667?
1
What is the millions digit of 1214595233?
4
What is the hundred thousands digit of 67349140?
3
What is the ten millions digit of 6405855284?
0
What is the millions digit of 49666149?
9
What is the millions digit of 571151440?
1
What is the tens digit of 4767997435?
3
What is the thousands digit of 210130478?
0
What is the tens digit of 2605617454?
5
What is the hundred millions digit of 183703147?
1
What is the hundred millions digit of 2276413983?
2
What is the millions digit of 69804556?
9
What is the hundred millions digit of 585990580?
5
What is the ten thousands digit of 197083339?
8
What is the tens digit of 304216464?
6
What is the billions digit of 2428044312?
2
What is the millions digit of 2330175646?
0
What is the hundred thousands digit of 423242149?
2
What is the ten thousands digit of 80932912?
3
What is the units digit of 36207120?
0
What is the millions digit of 398574883?
8
What is the tens digit of 414726432?
3
What is the hundred thousands digit of 4857310019?
3
What is the millions digit of 1321014610?
1
What is the hundred thousands digit of 208226042?
2
What is the hundred thousands digit of 4072825375?
8
What is the hundreds digit of 71385133?
1
What is the hundreds digit of 4035955544?
5
What is the ten millions digit of 64776590?
6
What is the millions digit of 334915627?
4
What is the ten thousands digit of 121828646?
2
What is the ten millions digit of 401204002?
0
What is the hundred millions digit of 454506892?
4
What is the thousands digit of 350772465?
2
What is the millions digit of 842893691?
2
What is the hundred thousands digit of 486579934?
5
What is the ten millions digit of 22984104?
2
What is the tens digit of 140981457?
5
What is the tens digit of 13175070?
7
What is the billions digit of 4535289712?
4
What is the ten thousands digit of 145203073?
0
What is the millions digit of 679557176?
9
What is the ten thousands digit of 108481517?
8
What is the ten thousands digit of 799121893?
2
What is the units digit of 1093144969?
9
What is the units digit of 41025233?
3
What is the ten millions digit of 3137609466?
3
What is the ten millions digit of 3825669155?
2
What is the hundred thousands digit of 87902087?
9
What is the ten millions digit of 202613848?
0
What is the millions digit of 96968146?
6
What is the ten thousands digit of 4478401971?
0
What is the millions digit of 3132759696?
2
What is the hundreds digit of 1499038534?
5
What is the thousands digit of 46515749?
5
What is the ten millions digit of 837186349?
3
What is the hundreds digit of 116055142?
1
What is the units digit of 52833004?
4
What is the thousands digit of 9975035?
5
What is the hundred millions digit of 105931763?
1
What is the hundred thousands digit of 174541159?
5
What is the units digit of 11031753?
3
What is the millions digit of 3866503877?
6
What is the tens digit of 49912595?
9
What is the hundred millions digit of 201586458?
2
What is the tens digit of 2180432519?
1
What is the millions digit of 29754593?
9
What is the units digit of 247641675?
5
What is the ten thousands digit of 35712385?
1
What is the units digit of 358944211?
1
What is the hundred thousands digit of 1199933158?
9
What is the ten thousands digit of 28165780?
6
What is the thousands digit of 538610652?
0
What is the hundred thousands digit of 359943716?
9
What is the ten millions digit of 490865358?
9
What is the thousands digit of 581669454?
9
What is the thousands digit of 24275624?
5
What is the thousands digit of 16220103?
0
What is the units digit of 2818003010?
0
What is the tens digit of 576421477?
7
What is the ten millions digit of 1114085209?
1
What is the thousands digit of 4600591668?
1
What is the thousands digit of 38375282?
5
What is the ten thousands digit of 645925205?
2
What is the units digit of 3130326?
6
What is the thousands digit of 149547091?
7
What is the ten millions digit of 14652078?
1
What is the ten millions digit of 394528990?
9
What is the thousands digit of 65519210?
9
What is the hundred millions digit of 250052341?
2
What is the units digit of 1949584227?
7
What is the hundred thousands digit of 123015669?
0
What is the billions digit of 2636072192?
2
What is the hundreds digit of 1924646536?
5
What is the thousands digit of 48350171?
0
What is the hundred millions digit of 6194368244?
1
What is the ten millions digit of 4286107803?
8
What is the hundred thousands digit of 134060758?
0
What is the billions digit of 3845438325?
3
What is the millions digit of 181363602?
1
What is the ten thousands digit of 4241337?
4
What is the hundreds digit of 1428593?
5
What is the ten thousands digit of 606833397?
3
What is the tens digit of 148406141?
4
What is the thousan